
Suppose -3*h + 0*h - 155 = -5*u, 4*h - 36 = -2*u. Suppose 0 = -5*v + 3*s - 29, v = -3*v + 4*s - 20. What is the remainder when u is divided by (v/(21/(-60)))/2?
8
Suppose p - 3 = 2. Let t(l) = -l**3 - 4*l**2 - l + 5. Calculate the remainder when t(-4) is divided by p.
4
Let c(v) = 17*v + 4. Suppose -8*k - 70 = -3*k. Let z = 33 + k. What is the remainder when c(3) is divided by z?
17
Let x(b) = b**2 + 1. Let v be x(4). Suppose -5*h + v + 3 = 0. What is the remainder when 7 is divided by h?
3
Let k(i) = 6*i**2 - 3*i - 1. Let d be k(-3). Let y = 88 - d. Suppose -3*h + 5*v - 13 = 0, 4*v = -4*h + 2*v + y. What is the remainder when 15 is divided by h?
3
Let z = -54 - -33. Let n = -14 - z. What is the remainder when 18 is divided by n?
4
Let b = 0 + -6. Let z be 9/b*1*-2. Calculate the remainder when 11 is divided by (z + -2)*(3 + 1).
3
Let h = -7 + 22. Suppose 9 + 19 = 4*b. Suppose -b*y + 228 = -3*y. What is the remainder when y is divided by h?
12
Let i be (5/(-15))/((-2)/18). Suppose 3*r - 24 - i = 0. What is the remainder when r is divided by 5?
4
Let p(t) = t**2 + 6*t + 1. Let v be p(-7). Suppose -3*s + 46 = -v. Let o(a) = 3*a**2 + 5. Calculate the remainder when o(4) is divided by s.
17
Let z be (1 - 0) + (-6 - 12). Let b = -5 - z. Calculate the remainder when 22 is divided by b.
10
Let j = -97 + 139. Calculate the remainder when 335 is divided by j.
41
Suppose -r + 79 = -2*v + 6*v, -4*r = 4*v - 64. Calculate the remainder when 61 is divided by v.
19
Let v(o) = -2*o - 3. Let c(f) = f - 1. Let a be c(3). Suppose 3*b + p = 10, 0 = 3*b - 3*p - 28 - a. What is the remainder when b is divided by v(-3)?
2
Let j(v) = v**3 - 3*v**2 - 3*v - 1. Let u be j(4). Suppose -34 = -u*t + y - 3*y, 5*y = -t + 20. What is the remainder when 2/(3/(114/4)) is divided by t?
9
Let q(p) = -7*p - 8. What is the remainder when 105 is divided by q(-5)?
24
Suppose -j + 3*j = 34. What is the remainder when ((-110)/15)/(6/(-27)) is divided by j?
16
Suppose 5*y + 0*c - 4*c + 148 = 0, -y - 38 = -5*c. What is the remainder when 57 + y/4 + 4 is divided by 14?
12
Let y(u) = -6*u**2 - u. Let r(a) = -7*a**2 - a - 1. Let n(p) = 5*r(p) - 6*y(p). What is the remainder when n(-7) is divided by (-1 - (-1 + -1)) + 12?
11
Let p(q) be the second derivative of -q**5/20 + q**4/3 - 2*q**3/3 + q**2 - 3*q. Let h be p(2). What is the remainder when 0/h - (-2 - 17) is divided by 10?
9
Let p = -18 - -29. Calculate the remainder when 2/8 - (6 + 309/(-12)) is divided by p.
9
Let o = -15 + 120. Calculate the remainder when o is divided by 54.
51
Let a(y) = y**3 + 5*y**2 - 8*y + 3. What is the remainder when a(-6) is divided by 3?
0
Suppose -2*a + 18 = -0*a. What is the remainder when -3 - (-230)/12 - 10/60 is divided by a?
7
Let v = 33 - -15. Let d = v + -18. What is the remainder when d is divided by 11?
8
Let j be 3/2 - (-1)/2. Suppose -j*p - 9 + 21 = 0. Suppose -p - 3 = -3*b. Calculate the remainder when 8 is divided by b.
2
Suppose 23 = 4*y - 45. Suppose 5*h - 37 = -12, 0 = -2*b - 3*h + 143. Calculate the remainder when b is divided by y.
13
Let c be -1*2/6*3. Let y = c - -5. What is the remainder when y is divided by 2?
0
What is the remainder when 1644/21 - (-2)/(-7) is divided by 27?
24
Let a(i) = 26*i**2 + i. Calculate the remainder when 48 is divided by a(-1).
23
Let q(t) = -t**3 + 21*t**2 - 38*t + 24. Calculate the remainder when q(19) is divided by 13.
11
Suppose -9*z + 6*z = -21. What is the remainder when -3 - -4 - (-4 + -8) is divided by z?
6
Let s be -2*4/((-16)/(-14)). Let u(c) = c**2 + 7*c + 4. Let l be u(s). Let r(p) = 2*p**3 - 7*p**2 + 4*p. What is the remainder when r(l) is divided by 17?
15
Let f(z) be the first derivative of -z**4/4 + 2*z**3/3 + 3*z**2/2 + z - 2. What is the remainder when 1 is divided by f(3)?
0
Suppose 0 = -m - 6 + 10. Calculate the remainder when m is divided by 3.
1
Suppose 3*k - 6 + 0 = 0. Let l(t) = -2*t - 9. Let y be (-6)/4*(-4)/(-1). Calculate the remainder when l(y) is divided by k.
1
Suppose 0 = 5*f - 66 + 11. Calculate the remainder when 39 is divided by f.
6
Suppose -2*t + 18 = 5*g - 6*t, -12 = -g + 5*t. What is the remainder when (g - 1)/(1/68) is divided by 23?
22
Suppose -f = 1, 2*f + 11 = 2*a + 5*f. Calculate the remainder when 48 is divided by a.
6
Let i(s) = s + 2. Let m be -1*(-12)/4 + 3. What is the remainder when (m/(-12))/(2/(-4)) is divided by i(-1)?
0
Let i(s) = s**3 + 8*s**2 + 10*s + 11. Suppose 2*q + 2*q + 28 = 2*x, x + 1 = -3*q. Calculate the remainder when i(-6) is divided by x.
7
Let p(u) = -u**2 + 7*u. Let x be p(6). Suppose 2*d - 31 = 3*m, d + 3*d + 2*m - 38 = 0. Calculate the remainder when x*5 + (1 - -1) is divided by d.
10
Let i = -5 - -13. What is the remainder when 13 is divided by i?
5
Let s(k) be the first derivative of -k**3/3 + 5*k**2 - 9*k + 2. Let c be 10 - (-3 + 2)*-2. What is the remainder when 13 is divided by s(c)?
6
Suppose 0 = 11*c - 16*c + 530. Calculate the remainder when c is divided by 18.
16
Let z(p) = p**3 - 2*p**2 - p + 4. Let x be z(3). Let i = x - 21. Let g = 15 + i. Calculate the remainder when 5 is divided by g.
1
Suppose 0 = -3*t + t + 8. Suppose 2*k = -t*f + 48, 3*f - 12 = -4*k + 14. Calculate the remainder when 40 is divided by f.
12
Let d(g) = -2*g + 13. Calculate the remainder when d(0) is divided by 4.
1
Let i(c) = -c + 15. Let o be i(12). Suppose o*f = 5*l + 388, f - 4*l + 53 - 180 = 0. What is the remainder when f is divided by 33?
32
Let n = 8 + -4. Let z(l) = -4*l + 1. Let o be z(1). What is the remainder when -33*(o - 24/(-9)) is divided by n?
3
Let f = 14 - -6. Calculate the remainder when 38 is divided by f.
18
Let u(m) = -7*m + 8 - 6*m**2 - 3*m**2 - m**3 + 2. Let g be (-2 + 1)*(-1 - -9). What is the remainder when 3 is divided by u(g)?
1
Let s(p) = 17*p + 22. Let c(v) = -9*v - 11. Let y(g) = -11*c(g) - 6*s(g). What is the remainder when y(-8) is divided by 5?
3
Let y(g) = 6*g**2 - 12*g + 12. What is the remainder when y(8) is divided by 43?
42
Let w(l) = l - 14. Let y be w(10). Let o be (-6)/y - (-213)/6. Suppose 2*f - 9 = o. What is the remainder when f is divided by 12?
11
Let o(l) = -3*l - 4. Let i(r) = -7*r - 9. Let s(y) = -2*i(y) + 5*o(y). Let f(x) = x + 4. What is the remainder when f(0) is divided by s(-4)?
0
Suppose 107 = -d - 3*q, -4*d - d + 4*q = 459. Suppose -a + 11*a = 1520. Let o = a + d. What is the remainder when o is divided by 15?
12
Suppose -k + 117 = 2*y, -y - y + 2 = 0. Calculate the remainder when k is divided by 39.
37
Let k(i) = 2*i - 6. Suppose -5*s - 33 = 67. Let g = 43 + s. What is the remainder when g is divided by k(7)?
7
Let d(a) = -2*a + 1. Let w be d(-5). Let x = w + 16. Calculate the remainder when 53 is divided by x.
26
Suppose -3*j + 5*j = 14. Let x = j - 8. Let k(v) = 3*v**2 - v - 1. Calculate the remainder when 7 is divided by k(x).
1
Let z = -11 - -7. Let j be (-52)/(-14) - z/14. Suppose -5*y - j*a = -32, 0 = 5*y - 8*y + 4*a. Calculate the remainder when 13 is divided by y.
1
Let h = 446 + -318. What is the remainder when h is divided by 26?
24
Suppose -4*k + 15 = k. Suppose 0 = -v + c - 0 + k, -12 = 4*c. Calculate the remainder when 5 is divided by -2 + 2 + (2 - v).
1
Suppose -16 = -5*v + 314. Calculate the remainder when v is divided by 17.
15
What is the remainder when 3/(33/757) + 2/11 is divided by 12?
9
Let l be ((-1)/1)/((-1)/59). Let k = l + -29. Let y = 0 + 16. Calculate the remainder when k is divided by y.
14
Suppose 3*z = 2*z + 74. Suppose -12 - 7 = -q. What is the remainder when z is divided by q?
17
Suppose 2*c - 4 = 6. Suppose -2*k + c*p = -13 + 4, 5*k + 3*p - 38 = 0. Calculate the remainder when (-2)/8 - 303/(-12) is divided by k.
4
Let m be -2 + -1*-2*11. Suppose w + 0*w = m. Let s = -12 + w. What is the remainder when 14 is divided by s?
6
Let j(k) = -49*k**3 + k**2 - k - 1. Calculate the remainder when j(-1) is divided by 26.
24
Let t = -34 + 51. Suppose 3*g - t = 34. Calculate the remainder when g is divided by 10.
7
Suppose 0 = -2*k - 0 + 88. Suppose -11*s = -9*s - k. Calculate the remainder when 85 is divided by s.
19
Let c(l) = l**3 - 8*l**2 - 3*l - 11. Let q be c(8). Let h = 66 + q. Calculate the remainder when h is divided by 11.
9
Let f(z) = -8*z - 4. Let g = -4 + 6. Calculate the remainder when f(-4) is divided by g*(1 - 